 of 36086?
2, 18043
What are the prime factors of 12881?
11, 1171
List the prime factors of 8346.
2, 3, 13, 107
What are the prime factors of 1292?
2, 17, 19
What are the prime factors of 32437?
163, 199
What are the prime factors of 1139?
17, 67
List the prime factors of 19169.
29, 661
List the prime factors of 5656.
2, 7, 101
List the prime factors of 31160.
2, 5, 19, 41
List the prime factors of 6816.
2, 3, 71
What are the prime factors of 522?
2, 3, 29
What are the prime factors of 10851?
3, 3617
What are the prime factors of 937?
937
What are the prime factors of 3410?
2, 5, 11, 31
List the prime factors of 2714.
2, 23, 59
What are the prime factors of 29772?
2, 3, 827
What are the prime factors of 1981?
7, 283
What are the prime factors of 972?
2, 3
List the prime factors of 965.
5, 193
What are the prime factors of 1633?
23, 71
What are the prime factors of 258?
2, 3, 43
What are the prime factors of 69259?
69259
List the prime factors of 163938.
2, 3, 89, 307
What are the prime factors of 6370?
2, 5, 7, 13
List the prime factors of 37666.
2, 37, 509
What are the prime factors of 912?
2, 3, 19
What are the prime factors of 2915?
5, 11, 53
What are the prime factors of 8699?
8699
What are the prime factors of 8622?
2, 3, 479
What are the prime factors of 1840?
2, 5, 23
List the prime factors of 5229.
3, 7, 83
What are the prime factors of 34441?
11, 31, 101
List the prime factors of 47256.
2, 3, 11, 179
List the prime factors of 946.
2, 11, 43
List the prime factors of 4809.
3, 7, 229
List the prime factors of 6910.
2, 5, 691
What are the prime factors of 2364?
2, 3, 197
What are the prime factors of 2109?
3, 19, 37
List the prime factors of 5628.
2, 3, 7, 67
What are the prime factors of 1306?
2, 653
What are the prime factors of 1385?
5, 277
What are the prime factors of 2124?
2, 3, 59
List the prime factors of 3076.
2, 769
List the prime factors of 7781.
31, 251
List the prime factors of 882.
2, 3, 7
What are the prime factors of 718?
2, 359
What are the prime factors of 4926?
2, 3, 821
List the prime factors of 4551.
3, 37, 41
List the prime factors of 1425.
3, 5, 19
List the prime factors of 1686.
2, 3, 281
List the prime factors of 59765.
5, 11953
List the prime factors of 135839.
11, 53, 233
List the prime factors of 31379.
31379
What are the prime factors of 11618?
2, 37, 157
What are the prime factors of 13120?
2, 5, 41
What are the prime factors of 42?
2, 3, 7
List the prime factors of 69910.
2, 5, 6991
List the prime factors of 7524.
2, 3, 11, 19
List the prime factors of 36854.
2, 18427
List the prime factors of 6976.
2, 109
What are the prime factors of 40305?
3, 5, 2687
List the prime factors of 30818.
2, 19, 811
List the prime factors of 714.
2, 3, 7, 17
List the prime factors of 2200.
2, 5, 11
What are the prime factors of 6867?
3, 7, 109
List the prime factors of 3172.
2, 13, 61
List the prime factors of 1106.
2, 7, 79
What are the prime factors of 17086?
2, 8543
What are the prime factors of 54603?
3, 6067
List the prime factors of 2241.
3, 83
List the prime factors of 1203.
3, 401
List the prime factors of 4791.
3, 1597
What are the prime factors of 10898?
2, 5449
What are the prime factors of 1079?
13, 83
List the prime factors of 525.
3, 5, 7
What are the prime factors of 2110?
2, 5, 211
What are the prime factors of 8393?
7, 11, 109
List the prime factors of 2072.
2, 7, 37
What are the prime factors of 241?
241
What are the prime factors of 57595?
5, 11519
List the prime factors of 180.
2, 3, 5
What are the prime factors of 6712?
2, 839
List the prime factors of 1837.
11, 167
List the prime factors of 1167.
3, 389
List the prime factors of 7789.
7789
What are the prime factors of 217?
7, 31
List the prime factors of 3333.
3, 11, 101
What are the prime factors of 56728?
2, 7, 1013
List the prime factors of 3006.
2, 3, 167
List the prime factors of 8750.
2, 5, 7
What are the prime factors of 3448?
2, 431
What are the prime factors of 12094?
2, 6047
What are the prime factors of 54?
2, 3
What are the prime factors of 15143?
19, 797
List the prime factors of 19362.
2, 3, 7, 461
What are the prime factors of 997?
997
List the prime factors of 2094.
2, 3, 349
What are the prime factors of 76491?
3, 2833
What are the prime factors of 726?
2, 3, 11
What are the prime factors of 2302?
2, 1151
What are the prime factors of 264?
2, 3, 11
List the prime factors of 452.
2, 113
What are the prime factors of 2259?
3, 251
List the prime factors of 2652.
2, 3, 13, 17
What are the prime factors of 3576?
2, 3, 149
List the prime factors of 1998.
2, 3, 37
What are the prime factors of 39793?
13, 3061
List the prime factors of 4822.
2, 2411
List the prime factors of 5558.
2, 7, 397
What are the prime factors of 1218?
2, 3, 7, 29
List the prime factors of 1269.
3, 47
List the prime factors of 2967.
3, 23, 43
What are the prime factors of 42788?
2, 19, 563
What are the prime factors of 1325?
5, 53
What are the prime factors of 154?
2, 7, 11
What are the prime factors of 874?
2, 19, 23
List the prime factors of 16741.
16741
List the prime factors of 560.
2, 5, 7
What are the prime factors of 20210?
2, 5, 43, 47
What are the prime factors of 18755?
5, 11, 31
What are the prime factors of 757?
757
What are the prime factors of 7137?
3, 13, 61
What are the prime factors of 484?
2, 11
List the prime factors of 34429.
34429
What are the prime factors of 1067?
11, 97
What are the prime factors of 7848?
2, 3, 109
List the prime factors of 37812.
2, 3, 23, 137
What are the prime factors of 10819?
31, 349
What are the prime factors of 24495?
3, 5, 23, 71
List the prime factors of 1565.
5, 313
What are the prime factors of 14962?
2, 7481
What are the prime factors of 4381?
13, 337
What are the prime factors of 39?
3, 13
What are the prime factors of 35027?
35027
What are the prime factors of 2249?
13, 173
List the prime factors of 39542.
2, 17, 1163
What are the prime factors of 363?
3, 11
List the prime factors of 856.
2, 107
List the prime factors of 6233.
23, 271
List the prime factors of 3084.
2, 3, 257
List the prime factors of 2869.
19, 151
What are the prime factors of 9676?
2, 41, 59
What are the prime factors of 11647?
19, 613
List the prime factors of 1884.
2, 3, 157
List the prime factors of 42429.
3, 14143
What are the prime factors of 4870?
2, 5, 487
What are the prime factors of 2660?
2, 5, 7, 19
What are the prime factors of 65600?
2, 5, 41
List the prime factors of 702.
2, 3, 13
What are the prime factors of 1477?
7, 211
What are the prime factors of 1516?
2, 379
List the prime factors of 13796.
2, 3449
List the prime factors of 39319.
7, 41, 137
What are the prime factors of 39728?
2, 13, 191
What are the prime factors of 4493?
4493
What are the prime factors of 3612?
2, 3, 7, 43
What are the prime factors of 164?
2, 41
What are the prime factors of 325?
5, 13
List the prime factors of 614.
2, 307
List the prime factors of 6417.
3, 23, 31
What are the prime factors of 247?
13, 19
What are the prime factors of 2004?
2, 3, 167
What are the prime factors of 6474?
2, 3, 13, 83
List the prime factors of 949.
13, 73
What are the prime factors of 27146?
2, 7, 277
List the prime factors of 3457.
3457
List the prime factors of 1005.
3, 5, 67
What are the prime factors of 1817?
23, 79
What are the prime factors of 13409?
11, 23, 53
What are the prime factors of 1483?
1483
List the prime factors of 46877.
46877
List the prime factors of 1509.
3, 503
What are the prime factors of 35879?
35879
List the prime factors of 11773.
61, 193
What are the prime factors of 698?
2, 349
List the prime factors of 3220.
2, 5, 7, 23
What are the prime factors of 10723?
10723
What are the prime factors of 425?
5, 17
What are the prime factors of 325?
5, 13
What are the prime factors of 708?
2, 3, 59
List the prime factors of 11186.
2, 7, 17, 47
What are the prime factors of 3797?
3797
List the prime factors of 10080.
2, 3, 5, 7
What are the prime factors of 30165?
3, 5, 2011
What are the prime factors of 27562?
2, 13781
What are the prime factors of 705?
3, 5, 47
List the prime factors of 2351.
2351
List the prime factors of 141321.
3, 17, 163
What are the prime factors of 13313?
13313
What are the prime factors of 5135?
5, 13, 79
What are the prime factor